r when 26 is divided by k?
8
Suppose 5*c - 344 = c. Suppose 3*k = 5*g + 56, 3*g = -3*k - k + 94. Calculate the remainder when c is divided by k.
20
Suppose -5*o = 2*j - 160, 2*o - 99 + 19 = -4*j. Calculate the remainder when o is divided by 8.
6
Suppose 5*m = -2*u + 49, 15 = 3*m - 2*u - 8. Suppose 5*f - 2*f = m. Suppose -f*y + 24 = -0*y. What is the remainder when 14 is divided by y?
6
Suppose -58 = -5*i - 3*h + 713, i - 171 = 5*h. Let p = i + -103. Calculate the remainder when p is divided by 11.
9
Suppose 0*l = 5*x + 2*l - 250, -5*x + 260 = 4*l. Suppose b = -3*b + x. Let z(f) = -f**2 + 11*f - 5. Calculate the remainder when z(4) is divided by b.
11
Let a be ((-4)/10)/((-2)/120). Suppose -2*j + 2*r = -10, 3*r - a = -2*j + 6. Suppose -3*o + 35 = -40. Calculate the remainder when o is divided by j.
7
Suppose 8 - 124 = -4*q. Calculate the remainder when q is divided by (2*-3)/(4/(-10)).
14
Calculate the remainder when 1 - 12/(-8)*48 is divided by 15.
13
Let y be 135/(-10)*(-2)/3. Let u = y + 2. Calculate the remainder when 1*(22 - 1 - 0) is divided by u.
10
Let j(n) be the first derivative of 32*n**3/3 - n**2 - n - 1. Let y = 15 - 16. Calculate the remainder when j(y) is divided by 9.
6
Suppose 3*s - 23 = -4*n, -6 = -5*n - 3*s + 19. Calculate the remainder when 33 is divided by (n/3)/(2/36).
9
Let h(n) = 6*n**2 + 4*n + 2. Suppose 2*a - 3 = -5. Let r be a/(2/4) + 0. What is the remainder when h(r) is divided by 10?
8
Let v = -45 + 87. Calculate the remainder when v is divided by 11.
9
Let o(c) = 2*c - 3. Let l be o(2). Suppose -4 = -2*p - 5*q, -9 = -5*p + 4*q + 1. Suppose -33 = -p*y - l. Calculate the remainder when y is divided by 6.
4
Suppose 0*o = -3*i - o + 79, -5*o + 20 = 0. Calculate the remainder when i is divided by 9.
7
Let j(r) be the second derivative of 13*r**3/6 - 3*r**2/2 + r. Calculate the remainder when j(2) is divided by 12.
11
Suppose -51 - 69 = -4*b. Calculate the remainder when 117 is divided by b.
27
Let s be (2 - 1)*(11 - 1). Suppose 0 = 3*i - 169 + s. Calculate the remainder when i is divided by 18.
17
Let d = -8 - -10. Let s = -35 + 49. What is the remainder when -3 - (-31 - (d - 3)) is divided by s?
13
Let i be ((-1)/2)/((-1)/(-22)). Let y = -3 - i. What is the remainder when y is divided by 3?
2
Suppose -5*v = -4*o + 38, 0*v = -3*o + 5*v + 26. Calculate the remainder when o is divided by 4.
0
Suppose -4*r - 7 = 5. Let t(u) = u**3 + 3*u**2 - 3*u + 1. Calculate the remainder when 18 is divided by t(r).
8
Suppose 2*m + 3*p = -3*m + 51, 4*m = 3*p + 30. Let x be (-6)/(-39) + (-48)/(-26). Suppose o - x*o = -25. Calculate the remainder when o is divided by m.
7
Suppose -5*b + i + 189 = -i, b + 3*i - 48 = 0. Suppose 9 = 3*k, -r + 3*k - b = -6*r. Suppose -r*c + c + 55 = 0. What is the remainder when c is divided by 4?
3
Let a be (-10)/35 + 32/14. Let w = a + -6. What is the remainder when (11/w)/((-1)/16) is divided by 15?
14
Suppose 0*o - 3*o + 102 = 0. Let q = o - 20. Calculate the remainder when 27 is divided by q.
13
Suppose 50 = 4*u - 2*d, d = -2*d + 9. What is the remainder when u is divided by 8?
6
Suppose 6 + 9 = 3*y. Suppose -142 + 212 = 10*l. What is the remainder when l is divided by y?
2
Let t(i) = i**3 - 6*i**2 + 5*i. Let b be t(5). Suppose n - 14 = 3*o - b*o, 3*o = -6. Calculate the remainder when n is divided by 5.
3
Let b = 23 + -16. Let j = 5 + -8. What is the remainder when 3 - -14 - (j - -1) is divided by b?
5
Let y(m) = m**3 + 1. Let x be y(-1). Suppose x = 4*i - 0*i, 3*k + 4*i - 45 = 0. Calculate the remainder when 43 is divided by k.
13
Suppose 31 = 2*d + v, -5*v - 1 = 3*d - 5*d. Calculate the remainder when (-6)/(3 - 5) + 20 is divided by d.
10
Let p(w) = 17*w - 6. Let h(b) = 11*b - 4. Let d(o) = 7*h(o) - 5*p(o). Suppose 0 = 6*l - 5*l + 2. What is the remainder when 34 is divided by d(l)?
16
Let z = -17 - -25. Calculate the remainder when 5 + -8 + (1 - -41) is divided by z.
7
What is the remainder when 7 is divided by (-6)/15*(1 + -6)?
1
Let p(n) = 10*n - 48. Calculate the remainder when 65 is divided by p(6).
5
Suppose 43 - 23 = 5*j. Suppose -2*d - 6 = z - 0*z, d = 3*z - 3. Suppose z = 2*y - 0 - 12. What is the remainder when y is divided by j?
2
Let c = -70 + 75. What is the remainder when 7 is divided by c?
2
Let f(g) = g**2 + 6*g + 49. What is the remainder when f(0) is divided by 11?
5
Let t(g) = -g + 10. Suppose 0 = -4*o + 4 - 0. What is the remainder when t(-12) is divided by (-1 - (o + 2))*-2?
6
Suppose -16 = -a - 7. Let f = 20 + 6. What is the remainder when f is divided by a?
8
What is the remainder when 1379/63 - 2/(-18) is divided by 14?
8
Suppose 5*t = -4 + 9, 0 = -5*g + 2*t + 178. Calculate the remainder when g is divided by 8.
4
What is the remainder when (-14)/(2*4/(-32)) is divided by 19?
18
Let i(u) = -u**3 - u + 3. Let j be i(0). Suppose 2*a - j*h = 31, 3*h + 55 = -0*a + 5*a. What is the remainder when 21 is divided by a?
5
Let n(c) = -c**3 + 6*c**2 - 3*c. Let y be n(3). Suppose 5 = 5*l, 0 = z - 4*l - 13 - 19. Calculate the remainder when z is divided by (-575)/(-45) - (-4)/y.
10
Let i(k) = -k**3 + k**2 + 11. What is the remainder when 20 is divided by i(0)?
9
Calculate the remainder when (0 + (-2)/4)*-78 is divided by 14.
11
Let h(k) = -6*k - 8. Calculate the remainder when 42 is divided by h(-5).
20
Let s = 14 + -14. Let o(r) = -8 - r - 3*r**3 + r**2 + 2*r**3 + 26. Calculate the remainder when 53 is divided by o(s).
17
Let y(b) = b**3 - 12*b**2 + 10*b + 13. Suppose 4*m - 16 = 4. Suppose m = 4*k - 15. What is the remainder when k is divided by y(11)?
1
Let m = -13 + 23. Let t(v) = -v**3 - 4*v**2 - 4*v + 3. Calculate the remainder when t(-4) is divided by m.
9
Suppose 2*i + x = 29, -3*x + 8 = i - 14. What is the remainder when 50 is divided by i?
11
Suppose 0 = -4*r + c - 13, r + 5*c - 1 - 1 = 0. What is the remainder when 5 is divided by r + 9 + -1 + -1?
1
Let m = 8 - 3. Suppose m*c - 30 = 3*c. Calculate the remainder when 57 is divided by c.
12
Suppose 3*d - 60 = -2*d. Suppose 3*w - 43 + d = -l, 0 = -5*w - l + 53. What is the remainder when w is divided by 4?
3
Let d(z) = -z**3 + 6*z**2 - 2*z + 6. Calculate the remainder when d(5) is divided by (-39)/(-3) - 1 - 1.
10
Let l be 2 - (2 - -1 - 9). Suppose l*u - 3*u = 5, -2*u + 107 = 5*x. What is the remainder when x is divided by 11?
10
Let i(k) = 10*k - 1. Suppose -3*x + 5*h = 13, 4*x - 4*h = -0*h - 4. Calculate the remainder when i(1) is divided by x.
1
Let h(t) = 5*t + 4. Let d be h(4). Suppose 4*a = -0*a + d. Calculate the remainder when a is divided by 4.
2
Calculate the remainder when (-2)/(-6) - 231/(-9) is divided by 15.
11
Let x be (18/3)/(-1 - 1). What is the remainder when -18*x/6 - -2 is divided by 4?
3
Suppose 0 = 4*a - 6 - 6. Let w be 2/(-4)*(-3 - 25). Suppose -3*d = -a*t - w - 4, -2*t + 6 = 0. What is the remainder when 17 is divided by d?
8
Suppose -5*k = -2*r + 12 + 120, 2*k = 5*r - 57. What is the remainder when k/(-1)*(-4)/(-8) is divided by 7?
6
What is the remainder when 151 is divided by (-4)/(-22) + 416/11?
37
Let k(p) = -p**2 + 8*p - 6. Suppose 4*b + 0*l + l - 15 = 0, 4*l = -4*b. Let w be 0 + b + -1 + 3. What is the remainder when 1 is divided by k(w)?
0
What is the remainder when (-3)/15 + 242/10 is divided by 9?
6
Suppose 0 = 2*a - 6 - 2. Suppose a*r - 3*i - 75 = 0, -r - i + 2*i + 19 = 0. What is the remainder when 33 is divided by r?
15
Let w = 11 - -30. Let u = -69 + 80. What is the remainder when w is divided by u?
8
Let j(u) = -u**3 + 2*u**2 - 2. Let v be j(2). Let z be (2/(-4))/((-3 - 2)/60). Let l = v + z. What is the remainder when 7 is divided by l?
3
Let a = 29 + 8. What is the remainder when a is divided by 13?
11
Let b be (-9)/(-2) - (-1)/2. Suppose b = 5*o - 80. Let v = o - 8. Calculate the remainder when 25 is divided by v.
7
Let m(x) = -9*x + 1. Let d(z) = 5*z**3 - z**2 - z. Let o be d(-1). What is the remainder when m(o) is divided by 12?
10
Let f = -12 + 21. Let l(d) be the first derivative of d**2 + 5*d + 1. Calculate the remainder when l(f) is divided by 8.
7
Let r = -19 - -41. What is the remainder when 16 is divided by 33/r*6/1?
7
Let j = 1 + 5. Let c be -18*((-14)/j - -1). Suppose -4*r + c = -0*r. Calculate the remainder when 10 is divided by r.
4
Suppose 2*a - 1884 = -2*a - 4*s, -3*s = 2*